{"id":7,"date":"2022-12-15T23:01:48","date_gmt":"2022-12-15T23:01:48","guid":{"rendered":"https:\/\/survivant-e-s.lu\/?page_id=7"},"modified":"2026-04-10T11:16:38","modified_gmt":"2026-04-10T09:16:38","slug":"francais-accueil","status":"publish","type":"page","link":"https:\/\/survivant-e-s.lu\/lb\/","title":{"rendered":"ZESUMMEN D\u2019SCHWEIGE BRIECHE RONDEREM D\u2019GEWALT"},"content":{"rendered":"<h4 class=\"wp-block-heading\">WIE SI MIR?<\/h4>\n\n\n\n<p>D\u2019Associatioun ass am August 2022 gegr\u00ebnnt gin. Si vereent Iwwerliewender vu sexueller, sexistescher, physescher a psychescher Gewalt esou w\u00e9i Sympathisanten, d\u00e9i d\u2019Initiativ \u00ebnnerst\u00ebtzen.<\/p>\n\n\n\n<h4 class=\"wp-block-heading\">EIS ASSOCIATION MOBILIS\u00c9IERT SECH FIR :<\/h4>\n\n\n\n<ul class=\"wp-block-list\">\n<li>D\u2019Tabuen ze brieche ronder\u00ebm sexuell, sexistesch, physesch a psychesch Gewalt<\/li>\n\n\n\n<li>Deenen Affer, d\u00e9i isol\u00e9iert sin, eng Hand ze reechen, a si bei Professioneller z\u2019orient\u00e9ieren<\/li>\n\n\n\n<li>Deenen eng St\u00ebmm ze gin, d\u00e9i keng hun, andeems d\u2018associatioun am legislative Prozess an an den Entscheedungsorganer interven\u00e9iert.<\/li>\n\n\n\n<li>Deel ze huelen u Pr\u00e4ventiounskampagnen.<\/li>\n<\/ul>\n\n\n\n<p class=\"has-text-align-center\"><a href=\"https:\/\/survivant-e-s.lu\/a-propos\/\" data-type=\"page\" data-id=\"96\"><strong>Fir m\u00e9i ze w\u00ebssen<\/strong><\/a><\/p>\n\n\n\n<h4 class=\"wp-block-heading\">AKTUALIT\u00c9IT<\/h4>\n\n\n<ul class=\"wp-block-latest-posts__list has-dates has-author wp-block-latest-posts\"><li><div class=\"wp-block-latest-posts__featured-image\"><img loading=\"lazy\" decoding=\"async\" width=\"300\" height=\"168\" src=\"https:\/\/survivant-e-s.lu\/wp-content\/uploads\/2026\/04\/IMG_6403-300x168.jpeg\" class=\"attachment-medium size-medium wp-post-image\" alt=\"\" style=\"\" srcset=\"https:\/\/survivant-e-s.lu\/wp-content\/uploads\/2026\/04\/IMG_6403-300x168.jpeg 300w, https:\/\/survivant-e-s.lu\/wp-content\/uploads\/2026\/04\/IMG_6403-1024x575.jpeg 1024w, https:\/\/survivant-e-s.lu\/wp-content\/uploads\/2026\/04\/IMG_6403-2000x1123.jpeg 2000w\" sizes=\"auto, 100vw\" \/><\/div><a class=\"wp-block-latest-posts__post-title\" href=\"https:\/\/survivant-e-s.lu\/lb\/2026\/04\/27\/assemblee-generale-2026-on-croit-en-vous-continuez\/\">Assembl\u00e9e g\u00e9n\u00e9rale\u00a02026 : \u00ab\u00a0On croit en vous, continuez\u00a0!\u00bb<\/a><div class=\"wp-block-latest-posts__post-author\">vum LVDS<\/div><time datetime=\"%2\" class=\"wp-block-latest-posts__post-date\">27.04.26<\/time><div class=\"wp-block-latest-posts__post-excerpt\">L\u2019association La Voix des Survivant(e)s s\u2019est r\u00e9unie le 23 avril \u00e0 Mersch \u00e0 l\u2019occasion de son assembl\u00e9e g\u00e9n\u00e9rale ordinaire pour pr\u00e9senter le rapport d\u2019activit\u00e9s d\u2019une ann\u00e9e 2025 marqu\u00e9e par la pr\u00e9sentation \u00e0 la Chambre des &hellip; <p class=\"link-more\"><a href=\"https:\/\/survivant-e-s.lu\/lb\/2026\/04\/27\/assemblee-generale-2026-on-croit-en-vous-continuez\/\" class=\"more-link\">M\u00e9i <span class=\"screen-reader-text\">iwwer &#8220;Assembl\u00e9e g\u00e9n\u00e9rale\u00a02026 : \u00ab\u00a0On croit en vous, continuez\u00a0!\u00bb&#8221; <\/span>liesen<\/a><\/p><\/div><\/li>\n<li><div class=\"wp-block-latest-posts__featured-image\"><img loading=\"lazy\" decoding=\"async\" width=\"300\" height=\"168\" src=\"https:\/\/survivant-e-s.lu\/wp-content\/uploads\/2025\/04\/AG-2025_comite-300x168.jpg\" class=\"attachment-medium size-medium wp-post-image\" alt=\"\" style=\"\" srcset=\"https:\/\/survivant-e-s.lu\/wp-content\/uploads\/2025\/04\/AG-2025_comite-300x168.jpg 300w, https:\/\/survivant-e-s.lu\/wp-content\/uploads\/2025\/04\/AG-2025_comite-1024x575.jpg 1024w, https:\/\/survivant-e-s.lu\/wp-content\/uploads\/2025\/04\/AG-2025_comite-2000x1123.jpg 2000w\" sizes=\"auto, 100vw\" \/><\/div><a class=\"wp-block-latest-posts__post-title\" href=\"https:\/\/survivant-e-s.lu\/lb\/2026\/03\/26\/invitation-a-lassemblee-generale-de-lvds\/\">Invitation \u00e0 l&#8217;assembl\u00e9e g\u00e9n\u00e9rale de LVDS<\/a><div class=\"wp-block-latest-posts__post-author\">vum LVDS<\/div><time datetime=\"%2\" class=\"wp-block-latest-posts__post-date\">26.03.26<\/time><div class=\"wp-block-latest-posts__post-excerpt\">La Voix des Survivant(e)s asbl a le plaisir de vous inviter \u00e0 son Assembl\u00e9e g\u00e9n\u00e9rale ordinaire le jeudi 23 avril 2026 \u00e0 18.30 heures au restaurant \u00abBeim M\u00e9chel\u00bb , 1 rue Jean Majerus \u00e0 Mersch. &hellip; <p class=\"link-more\"><a href=\"https:\/\/survivant-e-s.lu\/lb\/2026\/03\/26\/invitation-a-lassemblee-generale-de-lvds\/\" class=\"more-link\">M\u00e9i <span class=\"screen-reader-text\">iwwer &#8220;Invitation \u00e0 l&#8217;assembl\u00e9e g\u00e9n\u00e9rale de LVDS&#8221; <\/span>liesen<\/a><\/p><\/div><\/li>\n<li><div class=\"wp-block-latest-posts__featured-image\"><img loading=\"lazy\" decoding=\"async\" width=\"293\" height=\"300\" src=\"https:\/\/survivant-e-s.lu\/wp-content\/uploads\/2026\/02\/image-e1770657970824-293x300.png\" class=\"attachment-medium size-medium wp-post-image\" alt=\"\" style=\"\" srcset=\"https:\/\/survivant-e-s.lu\/wp-content\/uploads\/2026\/02\/image-e1770657970824-293x300.png 293w, https:\/\/survivant-e-s.lu\/wp-content\/uploads\/2026\/02\/image-e1770657970824-768x786.png 768w, https:\/\/survivant-e-s.lu\/wp-content\/uploads\/2026\/02\/image-e1770657970824.png 960w\" sizes=\"auto, 100vw\" \/><\/div><a class=\"wp-block-latest-posts__post-title\" href=\"https:\/\/survivant-e-s.lu\/lb\/2026\/02\/09\/des-roses-pour-faire-entendre-la-voix-des-survivantes\/\">Des roses pour faire entendre La Voix des Survivant(e)s<\/a><div class=\"wp-block-latest-posts__post-author\">vum LVDS<\/div><time datetime=\"%2\" class=\"wp-block-latest-posts__post-date\">09.02.26<\/time><div class=\"wp-block-latest-posts__post-excerpt\">Le Rotary Club Luxembourg-Schuman se mobilise au profit de notre association avec son initiative solidaire Action Roses ! Cette ann\u00e9e, les fonds r\u00e9colt\u00e9s financeront l\u2019\u00e9dition d\u2019une bande dessin\u00e9e engag\u00e9e, cr\u00e9\u00e9e pour les 5 ans de &hellip; <p class=\"link-more\"><a href=\"https:\/\/survivant-e-s.lu\/lb\/2026\/02\/09\/des-roses-pour-faire-entendre-la-voix-des-survivantes\/\" class=\"more-link\">M\u00e9i <span class=\"screen-reader-text\">iwwer &#8220;Des roses pour faire entendre La Voix des Survivant(e)s&#8221; <\/span>liesen<\/a><\/p><\/div><\/li>\n<li><div class=\"wp-block-latest-posts__featured-image\"><img loading=\"lazy\" decoding=\"async\" width=\"300\" height=\"200\" src=\"https:\/\/survivant-e-s.lu\/wp-content\/uploads\/2025\/11\/ChristelPetitcollin-portrait-largeur-300x200.jpg\" class=\"attachment-medium size-medium wp-post-image\" alt=\"\" style=\"\" srcset=\"https:\/\/survivant-e-s.lu\/wp-content\/uploads\/2025\/11\/ChristelPetitcollin-portrait-largeur-300x200.jpg 300w, https:\/\/survivant-e-s.lu\/wp-content\/uploads\/2025\/11\/ChristelPetitcollin-portrait-largeur-1024x683.jpg 1024w, https:\/\/survivant-e-s.lu\/wp-content\/uploads\/2025\/11\/ChristelPetitcollin-portrait-largeur.jpg 1920w\" sizes=\"auto, 100vw\" \/><\/div><a class=\"wp-block-latest-posts__post-title\" href=\"https:\/\/survivant-e-s.lu\/lb\/2025\/11\/12\/lvds-se-mobilise-pendant-lorange-week-2025\/\">LVDS se mobilise pendant l&#8217;ORANGE WEEK 2025<\/a><div class=\"wp-block-latest-posts__post-author\">vum LVDS<\/div><time datetime=\"%2\" class=\"wp-block-latest-posts__post-date\">12.11.25<\/time><div class=\"wp-block-latest-posts__post-excerpt\">A c\u00f4t\u00e9 de la grande Marche Orange de solidarit\u00e9 pour les victimes de violence, le samedi 22 novembre, l&#8217;association La Voix des Survivant(e)s vous propose de nombreuses occasions de rencontres et d&#8217;\u00e9changes durant les journ\u00e9es &hellip; <p class=\"link-more\"><a href=\"https:\/\/survivant-e-s.lu\/lb\/2025\/11\/12\/lvds-se-mobilise-pendant-lorange-week-2025\/\" class=\"more-link\">M\u00e9i <span class=\"screen-reader-text\">iwwer &#8220;LVDS se mobilise pendant l&#8217;ORANGE WEEK 2025&#8221; <\/span>liesen<\/a><\/p><\/div><\/li>\n<li><div class=\"wp-block-latest-posts__featured-image\"><img loading=\"lazy\" decoding=\"async\" width=\"300\" height=\"172\" src=\"https:\/\/survivant-e-s.lu\/wp-content\/uploads\/2024\/02\/36EF74D3-FC3A-4D3C-9978-748B7BE81726-300x172.jpeg\" class=\"attachment-medium size-medium wp-post-image\" alt=\"\" style=\"\" srcset=\"https:\/\/survivant-e-s.lu\/wp-content\/uploads\/2024\/02\/36EF74D3-FC3A-4D3C-9978-748B7BE81726-300x172.jpeg 300w, https:\/\/survivant-e-s.lu\/wp-content\/uploads\/2024\/02\/36EF74D3-FC3A-4D3C-9978-748B7BE81726-1024x587.jpeg 1024w, https:\/\/survivant-e-s.lu\/wp-content\/uploads\/2024\/02\/36EF74D3-FC3A-4D3C-9978-748B7BE81726.jpeg 1470w\" sizes=\"auto, 100vw\" \/><\/div><a class=\"wp-block-latest-posts__post-title\" href=\"https:\/\/survivant-e-s.lu\/lb\/2025\/10\/13\/limpunite-des-auteurs-de-violences-et-le-manque-de-protection-des-victimes-restent-dactualite\/\">L&#8217;impunit\u00e9 des auteurs de violences et le manque de protection des victimes restent d\u2019actualit\u00e9<\/a><div class=\"wp-block-latest-posts__post-author\">vum LVDS<\/div><time datetime=\"%2\" class=\"wp-block-latest-posts__post-date\">13.10.25<\/time><div class=\"wp-block-latest-posts__post-excerpt\">Suite \u00e0 son intervention publique \u00e0 la Chambre des d\u00e9put\u00e9s le 2 juillet dernier, la Voix des Survivant(e)s veut alerter les pouvoirs publics\u00a0sur deux jugements probl\u00e9matiques suppl\u00e9mentaires r\u00e9cemment rendus au Luxembourg, qui ont fait l\u2019objet &hellip; <p class=\"link-more\"><a href=\"https:\/\/survivant-e-s.lu\/lb\/2025\/10\/13\/limpunite-des-auteurs-de-violences-et-le-manque-de-protection-des-victimes-restent-dactualite\/\" class=\"more-link\">M\u00e9i <span class=\"screen-reader-text\">iwwer &#8220;L&#8217;impunit\u00e9 des auteurs de violences et le manque de protection des victimes restent d\u2019actualit\u00e9&#8221; <\/span>liesen<\/a><\/p><\/div><\/li>\n<\/ul>\n\n\n<p class=\"has-text-align-center\"><a href=\"https:\/\/survivant-e-s.lu\/cat\/communiques\/\"><strong>All Communiqu\u00e9e kucken<\/strong><\/a><\/p>\n\n\n\n<h4 class=\"wp-block-heading\">AGENDA<\/h4>\n\n\n\n\n\t<ul  class=\"eo-events eo-events-shortcode\" > \n\n\t\t\n\t\t\t\n\t\t\t<li class=\"eo-event-future eo-multi-day eo-all-day\" >\n\t\t\t    <a class=\"eo-lvds-list-anchor\" href=\"https:\/\/survivant-e-s.lu\/lb\/events\/event\/brisons-le-silence-a-la-gare-de-luxembourg\/\">\n    \t\t\t        \t\t\t\t<span class=\"eo-lvds-list-text\">\n    \t\t\t\t    <span class=\"eo-lvds-list-title\">BRISONS LE SILENCE \u00e0 la gare de Luxembourg<\/span> 1 Mee 2026\t\t\t        <\/span>\n\t\t\t    <\/a>\n\t\t\t<\/li>\n\n\t\t\n\t<\/ul>\n\n\n\n\n\n<p class=\"has-text-align-center\"><a href=\"https:\/\/survivant-e-s.lu\/agenda\/\"><strong>Dee ganzen Agenda kucken<\/strong><\/a><\/p>\n\n\n\n<h4 class=\"wp-block-heading\">PRESSEREVUE<\/h4>\n\n\n\n<p class=\"has-text-align-center\"><a href=\"https:\/\/survivant-e-s.lu\/francais-revue-de-presse\/\" data-type=\"page\" data-id=\"440\"><strong>D\u00e9i ganz Presserevue<\/strong><\/a><\/p>","protected":false},"excerpt":{"rendered":"<p>WIE SI MIR? D\u2019Associatioun ass am August 2022 gegr\u00ebnnt gin. Si vereent Iwwerliewender vu sexueller, sexistescher, physescher a psychescher Gewalt esou w\u00e9i Sympathisanten, d\u00e9i d\u2019Initiativ \u00ebnnerst\u00ebtzen. EIS ASSOCIATION MOBILIS\u00c9IERT SECH FIR : Fir m\u00e9i ze w\u00ebssen AKTUALIT\u00c9IT All Communiqu\u00e9e kucken AGENDA Dee ganzen Agenda kucken PRESSEREVUE D\u00e9i ganz Presserevue<\/p>\n","protected":false},"author":1,"featured_media":281,"parent":0,"menu_order":0,"comment_status":"closed","ping_status":"closed","template":"","meta":{"_exactmetrics_skip_tracking":false,"_exactmetrics_sitenote_active":false,"_exactmetrics_sitenote_note":"","_exactmetrics_sitenote_category":0,"inspiro_hide_title":false,"footnotes":""},"class_list":["post-7","page","type-page","status-publish","has-post-thumbnail","hentry"],"_links":{"self":[{"href":"https:\/\/survivant-e-s.lu\/lb\/wp-json\/wp\/v2\/pages\/7","targetHints":{"allow":["GET"]}}],"collection":[{"href":"https:\/\/survivant-e-s.lu\/lb\/wp-json\/wp\/v2\/pages"}],"about":[{"href":"https:\/\/survivant-e-s.lu\/lb\/wp-json\/wp\/v2\/types\/page"}],"author":[{"embeddable":true,"href":"https:\/\/survivant-e-s.lu\/lb\/wp-json\/wp\/v2\/users\/1"}],"replies":[{"embeddable":true,"href":"https:\/\/survivant-e-s.lu\/lb\/wp-json\/wp\/v2\/comments?post=7"}],"version-history":[{"count":68,"href":"https:\/\/survivant-e-s.lu\/lb\/wp-json\/wp\/v2\/pages\/7\/revisions"}],"predecessor-version":[{"id":1869,"href":"https:\/\/survivant-e-s.lu\/lb\/wp-json\/wp\/v2\/pages\/7\/revisions\/1869"}],"wp:featuredmedia":[{"embeddable":true,"href":"https:\/\/survivant-e-s.lu\/lb\/wp-json\/wp\/v2\/media\/281"}],"wp:attachment":[{"href":"https:\/\/survivant-e-s.lu\/lb\/wp-json\/wp\/v2\/media?parent=7"}],"curies":[{"name":"wp","href":"https:\/\/api.w.org\/{rel}","templated":true}]}}

<h4 class="wp-block-heading">WIE SI MIR?</h4>



<p>D’Associatioun ass am August 2022 gegrënnt gin. Si vereent Iwwerliewender vu sexueller, sexistescher, physescher a psychescher Gewalt esou wéi Sympathisanten, déi d’Initiativ ënnerstëtzen.</p>



<h4 class="wp-block-heading">EIS ASSOCIATION MOBILISÉIERT SECH FIR :</h4>



<ul class="wp-block-list">
<li>D’Tabuen ze brieche ronderëm sexuell, sexistesch, physesch a psychesch Gewalt</li>



<li>Deenen Affer, déi isoléiert sin, eng Hand ze reechen, a si bei Professioneller z’orientéieren</li>



<li>Deenen eng Stëmm ze gin, déi keng hun, andeems d‘associatioun am legislative Prozess an an den Entscheedungsorganer intervenéiert.</li>



<li>Deel ze huelen u Präventiounskampagnen.</li>
</ul>



<p class="has-text-align-center"><a href="https://survivant-e-s.lu/a-propos/" data-type="page" data-id="96"><strong>Fir méi ze wëssen</strong></a></p>



<h4 class="wp-block-heading">AKTUALITÉIT</h4>


<ul class="wp-block-latest-posts__list has-dates has-author wp-block-latest-posts"><li><div class="wp-block-latest-posts__featured-image"><img loading="lazy" decoding="async" width="300" height="168" src="https://survivant-e-s.lu/wp-content/uploads/2026/04/IMG_6403-300x168.jpeg" class="attachment-medium size-medium wp-post-image" alt="" style="" srcset="https://survivant-e-s.lu/wp-content/uploads/2026/04/IMG_6403-300x168.jpeg 300w, https://survivant-e-s.lu/wp-content/uploads/2026/04/IMG_6403-1024x575.jpeg 1024w, https://survivant-e-s.lu/wp-content/uploads/2026/04/IMG_6403-2000x1123.jpeg 2000w" sizes="auto, 100vw" /></div><a class="wp-block-latest-posts__post-title" href="https://survivant-e-s.lu/lb/2026/04/27/assemblee-generale-2026-on-croit-en-vous-continuez/">Assemblée générale 2026 : « On croit en vous, continuez !»</a><div class="wp-block-latest-posts__post-author">vum LVDS</div><time datetime="%2" class="wp-block-latest-posts__post-date">27.04.26</time><div class="wp-block-latest-posts__post-excerpt">L’association La Voix des Survivant(e)s s’est réunie le 23 avril à Mersch à l’occasion de son assemblée générale ordinaire pour présenter le rapport d’activités d’une année 2025 marquée par la présentation à la Chambre des &hellip; <p class="link-more"><a href="https://survivant-e-s.lu/lb/2026/04/27/assemblee-generale-2026-on-croit-en-vous-continuez/" class="more-link">Méi <span class="screen-reader-text">iwwer &#8220;Assemblée générale 2026 : « On croit en vous, continuez !»&#8221; </span>liesen</a></p></div></li>
<li><div class="wp-block-latest-posts__featured-image"><img loading="lazy" decoding="async" width="300" height="168" src="https://survivant-e-s.lu/wp-content/uploads/2025/04/AG-2025_comite-300x168.jpg" class="attachment-medium size-medium wp-post-image" alt="" style="" srcset="https://survivant-e-s.lu/wp-content/uploads/2025/04/AG-2025_comite-300x168.jpg 300w, https://survivant-e-s.lu/wp-content/uploads/2025/04/AG-2025_comite-1024x575.jpg 1024w, https://survivant-e-s.lu/wp-content/uploads/2025/04/AG-2025_comite-2000x1123.jpg 2000w" sizes="auto, 100vw" /></div><a class="wp-block-latest-posts__post-title" href="https://survivant-e-s.lu/lb/2026/03/26/invitation-a-lassemblee-generale-de-lvds/">Invitation à l&#8217;assemblée générale de LVDS</a><div class="wp-block-latest-posts__post-author">vum LVDS</div><time datetime="%2" class="wp-block-latest-posts__post-date">26.03.26</time><div class="wp-block-latest-posts__post-excerpt">La Voix des Survivant(e)s asbl a le plaisir de vous inviter à son Assemblée générale ordinaire le jeudi 23 avril 2026 à 18.30 heures au restaurant «Beim Méchel» , 1 rue Jean Majerus à Mersch. &hellip; <p class="link-more"><a href="https://survivant-e-s.lu/lb/2026/03/26/invitation-a-lassemblee-generale-de-lvds/" class="more-link">Méi <span class="screen-reader-text">iwwer &#8220;Invitation à l&#8217;assemblée générale de LVDS&#8221; </span>liesen</a></p></div></li>
<li><div class="wp-block-latest-posts__featured-image"><img loading="lazy" decoding="async" width="293" height="300" src="https://survivant-e-s.lu/wp-content/uploads/2026/02/image-e1770657970824-293x300.png" class="attachment-medium size-medium wp-post-image" alt="" style="" srcset="https://survivant-e-s.lu/wp-content/uploads/2026/02/image-e1770657970824-293x300.png 293w, https://survivant-e-s.lu/wp-content/uploads/2026/02/image-e1770657970824-768x786.png 768w, https://survivant-e-s.lu/wp-content/uploads/2026/02/image-e1770657970824.png 960w" sizes="auto, 100vw" /></div><a class="wp-block-latest-posts__post-title" href="https://survivant-e-s.lu/lb/2026/02/09/des-roses-pour-faire-entendre-la-voix-des-survivantes/">Des roses pour faire entendre La Voix des Survivant(e)s</a><div class="wp-block-latest-posts__post-author">vum LVDS</div><time datetime="%2" class="wp-block-latest-posts__post-date">09.02.26</time><div class="wp-block-latest-posts__post-excerpt">Le Rotary Club Luxembourg-Schuman se mobilise au profit de notre association avec son initiative solidaire Action Roses ! Cette année, les fonds récoltés financeront l’édition d’une bande dessinée engagée, créée pour les 5 ans de &hellip; <p class="link-more"><a href="https://survivant-e-s.lu/lb/2026/02/09/des-roses-pour-faire-entendre-la-voix-des-survivantes/" class="more-link">Méi <span class="screen-reader-text">iwwer &#8220;Des roses pour faire entendre La Voix des Survivant(e)s&#8221; </span>liesen</a></p></div></li>
<li><div class="wp-block-latest-posts__featured-image"><img loading="lazy" decoding="async" width="300" height="200" src="https://survivant-e-s.lu/wp-content/uploads/2025/11/ChristelPetitcollin-portrait-largeur-300x200.jpg" class="attachment-medium size-medium wp-post-image" alt="" style="" srcset="https://survivant-e-s.lu/wp-content/uploads/2025/11/ChristelPetitcollin-portrait-largeur-300x200.jpg 300w, https://survivant-e-s.lu/wp-content/uploads/2025/11/ChristelPetitcollin-portrait-largeur-1024x683.jpg 1024w, https://survivant-e-s.lu/wp-content/uploads/2025/11/ChristelPetitcollin-portrait-largeur.jpg 1920w" sizes="auto, 100vw" /></div><a class="wp-block-latest-posts__post-title" href="https://survivant-e-s.lu/lb/2025/11/12/lvds-se-mobilise-pendant-lorange-week-2025/">LVDS se mobilise pendant l&#8217;ORANGE WEEK 2025</a><div class="wp-block-latest-posts__post-author">vum LVDS</div><time datetime="%2" class="wp-block-latest-posts__post-date">12.11.25</time><div class="wp-block-latest-posts__post-excerpt">A côté de la grande Marche Orange de solidarité pour les victimes de violence, le samedi 22 novembre, l&#8217;association La Voix des Survivant(e)s vous propose de nombreuses occasions de rencontres et d&#8217;échanges durant les journées &hellip; <p class="link-more"><a href="https://survivant-e-s.lu/lb/2025/11/12/lvds-se-mobilise-pendant-lorange-week-2025/" class="more-link">Méi <span class="screen-reader-text">iwwer &#8220;LVDS se mobilise pendant l&#8217;ORANGE WEEK 2025&#8221; </span>liesen</a></p></div></li>
<li><div class="wp-block-latest-posts__featured-image"><img loading="lazy" decoding="async" width="300" height="172" src="https://survivant-e-s.lu/wp-content/uploads/2024/02/36EF74D3-FC3A-4D3C-9978-748B7BE81726-300x172.jpeg" class="attachment-medium size-medium wp-post-image" alt="" style="" srcset="https://survivant-e-s.lu/wp-content/uploads/2024/02/36EF74D3-FC3A-4D3C-9978-748B7BE81726-300x172.jpeg 300w, https://survivant-e-s.lu/wp-content/uploads/2024/02/36EF74D3-FC3A-4D3C-9978-748B7BE81726-1024x587.jpeg 1024w, https://survivant-e-s.lu/wp-content/uploads/2024/02/36EF74D3-FC3A-4D3C-9978-748B7BE81726.jpeg 1470w" sizes="auto, 100vw" /></div><a class="wp-block-latest-posts__post-title" href="https://survivant-e-s.lu/lb/2025/10/13/limpunite-des-auteurs-de-violences-et-le-manque-de-protection-des-victimes-restent-dactualite/">L&#8217;impunité des auteurs de violences et le manque de protection des victimes restent d’actualité</a><div class="wp-block-latest-posts__post-author">vum LVDS</div><time datetime="%2" class="wp-block-latest-posts__post-date">13.10.25</time><div class="wp-block-latest-posts__post-excerpt">Suite à son intervention publique à la Chambre des députés le 2 juillet dernier, la Voix des Survivant(e)s veut alerter les pouvoirs publics sur deux jugements problématiques supplémentaires récemment rendus au Luxembourg, qui ont fait l’objet &hellip; <p class="link-more"><a href="https://survivant-e-s.lu/lb/2025/10/13/limpunite-des-auteurs-de-violences-et-le-manque-de-protection-des-victimes-restent-dactualite/" class="more-link">Méi <span class="screen-reader-text">iwwer &#8220;L&#8217;impunité des auteurs de violences et le manque de protection des victimes restent d’actualité&#8221; </span>liesen</a></p></div></li>
</ul>


<p class="has-text-align-center"><a href="https://survivant-e-s.lu/cat/communiques/"><strong>All Communiquée kucken</strong></a></p>



<h4 class="wp-block-heading">AGENDA</h4>




	<ul  class="eo-events eo-events-shortcode" > 

		
			
			<li class="eo-event-future eo-multi-day eo-all-day" >
			    <a class="eo-lvds-list-anchor" href="https://survivant-e-s.lu/lb/events/event/brisons-le-silence-a-la-gare-de-luxembourg/">
    			        				<span class="eo-lvds-list-text">
    				    <span class="eo-lvds-list-title">BRISONS LE SILENCE à la gare de Luxembourg</span> 1 Mee 2026			        </span>
			    </a>
			</li>

		
	</ul>





<p class="has-text-align-center"><a href="https://survivant-e-s.lu/agenda/"><strong>Dee ganzen Agenda kucken</strong></a></p>



<h4 class="wp-block-heading">PRESSEREVUE</h4>



<p class="has-text-align-center"><a href="https://survivant-e-s.lu/francais-revue-de-presse/" data-type="page" data-id="440"><strong>Déi ganz Presserevue</strong></a></p>

<p>WIE SI MIR? D’Associatioun ass am August 2022 gegrënnt gin. Si vereent Iwwerliewender vu sexueller, sexistescher, physescher a psychescher Gewalt esou wéi Sympathisanten, déi d’Initiativ ënnerstëtzen. EIS ASSOCIATION MOBILISÉIERT SECH FIR : Fir méi ze wëssen AKTUALITÉIT All Communiquée kucken AGENDA Dee ganzen Agenda kucken PRESSEREVUE Déi ganz Presserevue</p>
