{"id":96,"date":"2023-02-12T18:18:14","date_gmt":"2023-02-12T18:18:14","guid":{"rendered":"https:\/\/survivant-e-s.lu\/?page_id=96"},"modified":"2026-04-10T10:43:03","modified_gmt":"2026-04-10T08:43:03","slug":"a-propos","status":"publish","type":"page","link":"https:\/\/survivant-e-s.lu\/fr\/a-propos\/","title":{"rendered":"A propos"},"content":{"rendered":"<h4 class=\"wp-block-heading\">QUI SOMMES NOUS ?<\/h4>\n\n\n\n<p>L\u2019association a \u00e9t\u00e9 cr\u00e9\u00e9e en ao\u00fbt 2022.<br>Elle r\u00e9unit des survivant(e)s de violences sexuelles, sexistes, physiques ou psychiques, ainsi que des membres sympathisants qui soutiennent notre cause.<\/p>\n\n\n\n<h4 class=\"wp-block-heading\">NOTRE ASSOCIATION SE MOBILISE POUR <\/h4>\n\n\n\n<ul class=\"wp-block-list\">\n<li>briser les tabous autour des violences sexuelles, sexistes, physiques et psychiques ;<br><\/li>\n\n\n\n<li>tendre une main aux victimes isol\u00e9es et les orienter vers des structures professionnelles ;<br><\/li>\n\n\n\n<li>donner une voix \u00e0 celles et ceux qui n\u2019en ont pas en intervenant dans le processus l\u00e9gislatif et les organes de d\u00e9cision ;<br><\/li>\n\n\n\n<li>participer \u00e0 des actions de pr\u00e9vention.<br><\/li>\n<\/ul>\n\n\n\n<h4 class=\"wp-block-heading\">NOS REVENDICATIONS<\/h4>\n\n\n\n<ul class=\"wp-block-list\">\n<li>La mise en oeuvre de nos<a href=\"https:\/\/survivant-e-s.lu\/fr\/2025\/07\/03\/la-voix-des-survivantes-defend-ses-propositions-de-reforme-a-la-chambre-des-deputes\/\" data-type=\"link\" data-id=\"https:\/\/survivant-e-s.lu\/fr\/2025\/07\/03\/la-voix-des-survivantes-defend-ses-propositions-de-reforme-a-la-chambre-des-deputes\/\"> 57 propositions de r\u00e9forme pour lutter contre les violences fond\u00e9es sur le genre et leur impact sur les enfants co-victimes<\/a>.<\/li>\n<\/ul>\n\n\n\n<ul class=\"wp-block-list\">\n<li>La mise en place d\u2019une commission ind\u00e9pendante sur l\u2019inceste et les violences faites aux enfants, sur le mod\u00e8le initial de la Ciivise en France, afin de faire un \u00e9tat de la situation au Luxembourg. <\/li>\n<\/ul>\n\n\n\n<ul class=\"wp-block-list\">\n<li>Le renforcement des actions de pr\u00e9vention dans les \u00e9tablissements scolaires.<br><br><\/li>\n\n\n\n<li>Le renforcement des actions de sensibilisation \u00e0 tous les niveaux de la soci\u00e9t\u00e9. <\/li>\n<\/ul>\n\n\n\n<p><\/p>\n\n\n\n<p><\/p>\n\n\n\n<h4 class=\"wp-block-heading\">NOTRE CONSEIL D&rsquo;ADMINISTRATION<\/h4>\n\n\n\n<p><strong>pr\u00e9sidente<\/strong> : Ana Pinto ;<\/p>\n\n\n\n<p><strong>vice-pr\u00e9sidente<\/strong> : Marie-laure Rolland ;<\/p>\n\n\n\n<p><strong>secr\u00e9taire<\/strong> :  Yvette Challe ;<\/p>\n\n\n\n<p><strong>tr\u00e9sori\u00e8re<\/strong> : Jailza Dos Santos ;<\/p>\n\n\n\n<p><strong>autres membres<\/strong> : St\u00e9phanie Makoumbou, Annette Michels.<\/p>\n\n\n\n<p><\/p>\n\n\n\n<p><\/p>\n\n\n\n<p><strong>NOS GROUPES DE TRAVAIL<\/strong><\/p>\n\n\n\n<ul class=\"wp-block-list\">\n<li><strong>Groupe Assistance et Ecoute <\/strong>: <br>Des b\u00e9n\u00e9voles r\u00e9pondent \u00e0 vos demandes par mail \u00e0 l&rsquo;adresse lvds.lux@gmail.com ou via nos r\u00e9seaux sociaux. Nous ne disposons pas d&rsquo;une Helpline 24h\/24 mais essayons de vous r\u00e9pondre au plus vite.<\/li>\n<\/ul>\n\n\n\n<ul class=\"wp-block-list\">\n<li><strong>Groupe Pr\u00e9vention et Sensibilisation<\/strong> : <br>Nous t\u00e9moignons de notre parcours de survivant(e)s de violence dans les lyc\u00e9es qui nous sollicitent et pouvons participer \u00e0 des conf\u00e9rences ou tables rondes sur les sujets en lien avec la probl\u00e9matique des violences sexuelles, sexistes, physiques ou psychiques.<\/li>\n<\/ul>\n\n\n\n<ul class=\"wp-block-list\">\n<li><strong>Groupe  Justice<\/strong> : <br>Nous analysons les d\u00e9faillances dans la mise en oeuvre des lois ou dispositifs pour aider les victimes afin de faire des propositions concr\u00e8tes pour y rem\u00e9dier. <br>Nous faisons une veille sur les bonnes pratiques des pays voisins et les rapports d&rsquo;expertise ind\u00e9pendants.<\/li>\n<\/ul>\n\n\n\n<ul class=\"wp-block-list\">\n<li><strong>Groupe Communication<\/strong> : <br>Nous assurons une pr\u00e9sence sur les r\u00e9seaux sociaux (<a href=\"https:\/\/www.facebook.com\/profile.php?id=100082853311578\" data-type=\"link\" data-id=\"https:\/\/www.facebook.com\/profile.php?id=100082853311578\" target=\"_blank\" rel=\"noreferrer noopener\">Facebook<\/a>, <a href=\"https:\/\/www.instagram.com\/la_voix_des_survivants\/\" target=\"_blank\" rel=\"noreferrer noopener\">Instagram<\/a>, <a href=\"https:\/\/www.linkedin.com\/company\/la-voix-des-survivant-e-s\/?viewAsMember=true\" target=\"_blank\" rel=\"noreferrer noopener\">Linkedin<\/a>) et veillons \u00e0 faire conna\u00eetre nos actions et revendications \u00e0 travers des campagnes cibl\u00e9es (comme la <a href=\"https:\/\/survivant-e-s.lu\/fr\/temoignages\/\" target=\"_blank\" rel=\"noreferrer noopener\">campagne de t\u00e9moignages I&rsquo;M POSSIBLE<\/a> ou l&rsquo;<a href=\"https:\/\/survivant-e-s.lu\/fr\/expo-brisons-le-silence\/\" target=\"_blank\" rel=\"noreferrer noopener\">exposition BRISONS LE SILENCE<\/a>)<\/li>\n<\/ul>\n\n\n\n<p><\/p>","protected":false},"excerpt":{"rendered":"<p>QUI SOMMES NOUS ? L\u2019association a \u00e9t\u00e9 cr\u00e9\u00e9e en ao\u00fbt 2022.Elle r\u00e9unit des survivant(e)s de violences sexuelles, sexistes, physiques ou psychiques, ainsi que des membres sympathisants qui soutiennent notre cause. NOTRE ASSOCIATION SE MOBILISE POUR NOS REVENDICATIONS NOTRE CONSEIL D&rsquo;ADMINISTRATION pr\u00e9sidente : Ana Pinto ; vice-pr\u00e9sidente : Marie-laure Rolland ; secr\u00e9taire : Yvette Challe ; &hellip; <\/p>\n<p class=\"link-more\"><a href=\"https:\/\/survivant-e-s.lu\/fr\/a-propos\/\" class=\"more-link\">Lire la suite de<span class=\"screen-reader-text\">\u00ab\u00a0A propos\u00a0\u00bb<\/span><\/a><\/p>\n","protected":false},"author":1,"featured_media":84,"parent":0,"menu_order":0,"comment_status":"closed","ping_status":"closed","template":"","meta":{"_exactmetrics_skip_tracking":false,"_exactmetrics_sitenote_active":false,"_exactmetrics_sitenote_note":"","_exactmetrics_sitenote_category":0,"inspiro_hide_title":false,"footnotes":""},"class_list":["post-96","page","type-page","status-publish","has-post-thumbnail","hentry"],"_links":{"self":[{"href":"https:\/\/survivant-e-s.lu\/fr\/wp-json\/wp\/v2\/pages\/96","targetHints":{"allow":["GET"]}}],"collection":[{"href":"https:\/\/survivant-e-s.lu\/fr\/wp-json\/wp\/v2\/pages"}],"about":[{"href":"https:\/\/survivant-e-s.lu\/fr\/wp-json\/wp\/v2\/types\/page"}],"author":[{"embeddable":true,"href":"https:\/\/survivant-e-s.lu\/fr\/wp-json\/wp\/v2\/users\/1"}],"replies":[{"embeddable":true,"href":"https:\/\/survivant-e-s.lu\/fr\/wp-json\/wp\/v2\/comments?post=96"}],"version-history":[{"count":61,"href":"https:\/\/survivant-e-s.lu\/fr\/wp-json\/wp\/v2\/pages\/96\/revisions"}],"predecessor-version":[{"id":1861,"href":"https:\/\/survivant-e-s.lu\/fr\/wp-json\/wp\/v2\/pages\/96\/revisions\/1861"}],"wp:featuredmedia":[{"embeddable":true,"href":"https:\/\/survivant-e-s.lu\/fr\/wp-json\/wp\/v2\/media\/84"}],"wp:attachment":[{"href":"https:\/\/survivant-e-s.lu\/fr\/wp-json\/wp\/v2\/media?parent=96"}],"curies":[{"name":"wp","href":"https:\/\/api.w.org\/{rel}","templated":true}]}}

<h4 class="wp-block-heading">QUI SOMMES NOUS ?</h4>



<p>L’association a été créée en août 2022.<br>Elle réunit des survivant(e)s de violences sexuelles, sexistes, physiques ou psychiques, ainsi que des membres sympathisants qui soutiennent notre cause.</p>



<h4 class="wp-block-heading">NOTRE ASSOCIATION SE MOBILISE POUR </h4>



<ul class="wp-block-list">
<li>briser les tabous autour des violences sexuelles, sexistes, physiques et psychiques ;<br></li>



<li>tendre une main aux victimes isolées et les orienter vers des structures professionnelles ;<br></li>



<li>donner une voix à celles et ceux qui n’en ont pas en intervenant dans le processus législatif et les organes de décision ;<br></li>



<li>participer à des actions de prévention.<br></li>
</ul>



<h4 class="wp-block-heading">NOS REVENDICATIONS</h4>



<ul class="wp-block-list">
<li>La mise en oeuvre de nos<a href="https://survivant-e-s.lu/fr/2025/07/03/la-voix-des-survivantes-defend-ses-propositions-de-reforme-a-la-chambre-des-deputes/" data-type="link" data-id="https://survivant-e-s.lu/fr/2025/07/03/la-voix-des-survivantes-defend-ses-propositions-de-reforme-a-la-chambre-des-deputes/"> 57 propositions de réforme pour lutter contre les violences fondées sur le genre et leur impact sur les enfants co-victimes</a>.</li>
</ul>



<ul class="wp-block-list">
<li>La mise en place d’une commission indépendante sur l’inceste et les violences faites aux enfants, sur le modèle initial de la Ciivise en France, afin de faire un état de la situation au Luxembourg. </li>
</ul>



<ul class="wp-block-list">
<li>Le renforcement des actions de prévention dans les établissements scolaires.<br><br></li>



<li>Le renforcement des actions de sensibilisation à tous les niveaux de la société. </li>
</ul>



<p></p>



<p></p>



<h4 class="wp-block-heading">NOTRE CONSEIL D&rsquo;ADMINISTRATION</h4>



<p><strong>présidente</strong> : Ana Pinto ;</p>



<p><strong>vice-présidente</strong> : Marie-laure Rolland ;</p>



<p><strong>secrétaire</strong> :  Yvette Challe ;</p>



<p><strong>trésorière</strong> : Jailza Dos Santos ;</p>



<p><strong>autres membres</strong> : Stéphanie Makoumbou, Annette Michels.</p>



<p></p>



<p></p>



<p><strong>NOS GROUPES DE TRAVAIL</strong></p>



<ul class="wp-block-list">
<li><strong>Groupe Assistance et Ecoute </strong>: <br>Des bénévoles répondent à vos demandes par mail à l&rsquo;adresse lvds.lux@gmail.com ou via nos réseaux sociaux. Nous ne disposons pas d&rsquo;une Helpline 24h/24 mais essayons de vous répondre au plus vite.</li>
</ul>



<ul class="wp-block-list">
<li><strong>Groupe Prévention et Sensibilisation</strong> : <br>Nous témoignons de notre parcours de survivant(e)s de violence dans les lycées qui nous sollicitent et pouvons participer à des conférences ou tables rondes sur les sujets en lien avec la problématique des violences sexuelles, sexistes, physiques ou psychiques.</li>
</ul>



<ul class="wp-block-list">
<li><strong>Groupe  Justice</strong> : <br>Nous analysons les défaillances dans la mise en oeuvre des lois ou dispositifs pour aider les victimes afin de faire des propositions concrètes pour y remédier. <br>Nous faisons une veille sur les bonnes pratiques des pays voisins et les rapports d&rsquo;expertise indépendants.</li>
</ul>



<ul class="wp-block-list">
<li><strong>Groupe Communication</strong> : <br>Nous assurons une présence sur les réseaux sociaux (<a href="https://www.facebook.com/profile.php?id=100082853311578" data-type="link" data-id="https://www.facebook.com/profile.php?id=100082853311578" target="_blank" rel="noreferrer noopener">Facebook</a>, <a href="https://www.instagram.com/la_voix_des_survivants/" target="_blank" rel="noreferrer noopener">Instagram</a>, <a href="https://www.linkedin.com/company/la-voix-des-survivant-e-s/?viewAsMember=true" target="_blank" rel="noreferrer noopener">Linkedin</a>) et veillons à faire connaître nos actions et revendications à travers des campagnes ciblées (comme la <a href="https://survivant-e-s.lu/fr/temoignages/" target="_blank" rel="noreferrer noopener">campagne de témoignages I&rsquo;M POSSIBLE</a> ou l&rsquo;<a href="https://survivant-e-s.lu/fr/expo-brisons-le-silence/" target="_blank" rel="noreferrer noopener">exposition BRISONS LE SILENCE</a>)</li>
</ul>



<p></p>

<p>QUI SOMMES NOUS ? L’association a été créée en août 2022.Elle réunit des survivant(e)s de violences sexuelles, sexistes, physiques ou psychiques, ainsi que des membres sympathisants qui soutiennent notre cause. NOTRE ASSOCIATION SE MOBILISE POUR NOS REVENDICATIONS NOTRE CONSEIL D&rsquo;ADMINISTRATION présidente : Ana Pinto ; vice-présidente : Marie-laure Rolland ; secrétaire : Yvette Challe ; &hellip; </p>
<p class="link-more"><a href="https://survivant-e-s.lu/fr/a-propos/" class="more-link">Lire la suite de<span class="screen-reader-text">« A propos »</span></a></p>
